54301?
5
What is the tens digit of 1231?
3
What is the thousands digit of 1410?
1
What is the thousands digit of 86822?
6
What is the thousands digit of 1689?
1
What is the hundreds digit of 679?
6
What is the units digit of 71108?
8
What is the thousands digit of 2100?
2
What is the tens digit of 1415?
1
What is the tens digit of 26028?
2
What is the tens digit of 4022?
2
What is the hundreds digit of 770?
7
What is the units digit of 9352?
2
What is the hundred thousands digit of 133306?
1
What is the ten thousands digit of 12242?
1
What is the tens digit of 960?
6
What is the units digit of 18341?
1
What is the hundreds digit of 211?
2
What is the hundreds digit of 39812?
8
What is the units digit of 64729?
9
What is the thousands digit of 5160?
5
What is the thousands digit of 3805?
3
What is the tens digit of 96?
9
What is the hundreds digit of 1302?
3
What is the thousands digit of 14552?
4
What is the tens digit of 4512?
1
What is the thousands digit of 3516?
3
What is the units digit of 2006?
6
What is the tens digit of 133?
3
What is the thousands digit of 42123?
2
What is the thousands digit of 6417?
6
What is the units digit of 641?
1
What is the ten thousands digit of 14530?
1
What is the thousands digit of 39122?
9
What is the hundreds digit of 32102?
1
What is the hundreds digit of 16028?
0
What is the thousands digit of 1573?
1
What is the tens digit of 2489?
8
What is the hundreds digit of 153?
1
What is the units digit of 724?
4
What is the hundreds digit of 967?
9
What is the tens digit of 332?
3
What is the units digit of 9272?
2
What is the units digit of 1060?
0
What is the units digit of 312?
2
What is the units digit of 3044?
4
What is the tens digit of 642?
4
What is the units digit of 370?
0
What is the units digit of 1293?
3
What is the units digit of 196311?
1
What is the tens digit of 5466?
6
What is the hundreds digit of 4077?
0
What is the units digit of 41132?
2
What is the units digit of 3671?
1
What is the tens digit of 19647?
4
What is the tens digit of 790?
9
What is the tens digit of 513?
1
What is the thousands digit of 5595?
5
What is the tens digit of 384?
8
What is the units digit of 18481?
1
What is the tens digit of 7726?
2
What is the hundreds digit of 816?
8
What is the ten thousands digit of 56195?
5
What is the hundreds digit of 524?
5
What is the tens digit of 12517?
1
What is the units digit of 4793?
3
What is the hundreds digit of 1276?
2
What is the units digit of 1291?
1
What is the hundreds digit of 6491?
4
What is the thousands digit of 125605?
5
What is the units digit of 3328?
8
What is the hundreds digit of 4986?
9
What is the tens digit of 246?
4
What is the hundreds digit of 34129?
1
What is the tens digit of 10196?
9
What is the hundreds digit of 513?
5
What is the tens digit of 1242?
4
What is the thousands digit of 1158?
1
What is the hundreds digit of 3300?
3
What is the thousands digit of 1693?
1
What is the tens digit of 14544?
4
What is the tens digit of 850?
5
What is the units digit of 10848?
8
What is the units digit of 36398?
8
What is the units digit of 75689?
9
What is the units digit of 6616?
6
What is the tens digit of 11202?
0
What is the thousands digit of 2207?
2
What is the units digit of 188?
8
What is the hundreds digit of 61906?
9
What is the thousands digit of 16923?
6
What is the thousands digit of 6389?
6
What is the tens digit of 1293?
9
What is the tens digit of 21933?
3
What is the hundreds digit of 762?
7
What is the hundreds digit of 65452?
4
What is the thousands digit of 5052?
5
What is the tens digit of 13783?
8
What is the thousands digit of 8896?
8
What is the hundreds digit of 3063?
0
What is the tens digit of 632?
3
What is the units digit of 59330?
0
What is the hundreds digit of 52039?
0
What is the tens digit of 2597?
9
What is the thousands digit of 1556?
1
What is the units digit of 282?
2
What is the tens digit of 11247?
4
What is the tens digit of 5509?
0
What is the thousands digit of 16878?
6
What is the units digit of 16916?
6
What is the tens digit of 6072?
7
What is the thousands digit of 1718?
1
What is the thousands digit of 13328?
3
What is the thousands digit of 18656?
8
What is the hundreds digit of 8657?
6
What is the tens digit of 52?
5
What is the thousands digit of 13449?
3
What is the units digit of 29646?
6
What is the units digit of 4357?
7
What is the tens digit of 3459?
5
What is the thousands digit of 4205?
4
What is the hundreds digit of 83416?
4
What is the units digit of 69818?
8
What is the tens digit of 623?
2
What is the hundreds digit of 12303?
3
What is the thousands digit of 4504?
4
What is the hundreds digit of 21915?
9
What is the ten thousands digit of 16157?
1
What is the tens digit of 62181?
8
What is the hundred thousands digit of 102635?
1
What is the units digit of 7371?
1
What is the units digit of 10846?
6
What is the tens digit of 41915?
1
What is the hundreds digit of 14891?
8
What is the tens digit of 2332?
3
What is the ten thousands digit of 13666?
1
What is the thousands digit of 1104?
1
What is the tens digit of 15619?
1
What is the ten thousands digit of 64684?
6
What is the hundreds digit of 1485?
4
What is the hundreds digit of 5055?
0
What is the hundreds digit of 1122?
1
What is the thousands digit of 33022?
3
What is the thousands digit of 29270?
9
What is the units digit of 36721?
1
What is the tens digit of 1923?
2
What is the thousands digit of 119253?
9
What is the units digit of 10039?
9
What is the tens digit of 4991?
9
What is the thousands digit of 2295?
2
What is the hundreds digit of 38336?
3
What is the units digit of 40757?
7
What is the tens digit of 6222?
2
What is the hundreds digit of 1310?
3
What is the thousands digit of 9898?
9
What is the hundreds digit of 172192?
1
What is the hundreds digit of 1255?
2
What is the thousands digit of 5423?
5
What is the tens digit of 3506?
0
What is the thousands digit of 34966?
4
What is the units digit of 41941?
1
What is the thousands digit of 2607?
2
What is the hundreds digit of 12135?
1
What is the hundreds digit of 836?
8
What is the thousands digit of 84292?
4
What is the units digit of 24995?
5
What is the hundreds digit of 31096?
0
What is the tens digit of 989?
8
What is the tens digit of 476?
7
What is the units digit of 101?
1
What is the ten thousands digit of 28249?
2
What is the tens digit of 440?
4
What is the units digit of 351?
1
What is the units digit of 519?
9
What is the thousands digit of 3636?
3
What is the thousands digit of 1991?
1
What is the tens digit of 1371?
7
What is the hundreds digit of 599?
5
What is the tens digit of 1127?
2
What is the tens digit of 24364?
6
What is the hundreds digit of 96728?
7
What is the units digit of 3364?
4
What is the tens digit of 4850?
5
What is the hundreds digit of 43207?
2
What is the tens digit of 5607?
0
What is the thousands digit of 1825?
1
What is the hundreds digit of 45353?
3
What is the units digit of 9226?
6
What is the tens digit of 33833?
3
What is the units digit of 4830?
0
What is the ten thousands digit of 17186?
1
What is the hundreds digit of 3136?
1
What is the tens digit of 9417?
1
What is the ten thousands digit of 59858?
5
What is the tens digit of 2239?
3
What is the hundreds digit of 2731?
7
What is the hundreds digit of 955?
9
What is the thousands digit of 28998?
8
What is the tens digit of 162?
6
What is the thousands digit of 21898?
1
What is the tens digit of 70827?
2
What is the units digit of 2399?
9
What is the units digit of 1244?
4
What is the thousands digit of 2503?
2
What is the tens digit of 4559?
5
What is the hundreds digit of 226?
2
What is the hundreds digit of 117223?
2
What is the thousands digit of 17772?
7
What is the hundreds digit of 22569?
5
What is the hundreds digit of 623?
6
What is the units digit of 8886?
6
What is the units digit of 801?
1
What is the tens digit of 8064?
6
What is the units digit of 3126?
6
What is the units digit of 17008?
8
What is the thousands digit of 1002?
1
What is the units digit of 970?
0
What is the hundreds digit of 156?
1
What is the units digit of 882?
2
What is the units digit of 155?
5
What is the units digit of 7532?
2
What is the hundreds digit of 814?
8
What is the units digit of 1